pose -790246 - 272361 = -7*f. Is f composite?
True
Suppose 21*f + 16*f = 26*f + 1444333. Is f a composite number?
False
Let o(b) = b**3 + 24*b**2 + 9*b + 58. Let u(p) = -p**3 - 24*p**2 - 11*p - 59. Let s(w) = -6*o(w) - 5*u(w). Is s(-26) a composite number?
True
Suppose 4268755 = 6*b - 3107903. Is b a prime number?
True
Let a = -48281 - -237822. Is a a composite number?
True
Let n(m) = -4*m**3 - 11*m**2 - 124*m - 24. Let d = -298 - -287. Is n(d) prime?
True
Let w = -57248 - -222319. Is w prime?
False
Let l(z) = -47 + 2560*z + 2954*z + 2444*z. Is l(2) composite?
True
Let h(x) = -318*x + 14683. Is h(17) a composite number?
False
Let u = 58 + -46. Suppose -12*g + u = -8*g. Suppose z + 4*p + p = 57, -g*z + 2*p = -256. Is z a prime number?
False
Let s be 6 - 3 - -2 - -1. Let z be s/2*(-634704)/(-63). Suppose 0*f = 16*f - z. Is f composite?
False
Suppose b - 2136017 = -4*o, 3*b + 40*o = 42*o + 6408093. Is b composite?
True
Let p be (6/2)/(486/(-487) + 1). Suppose -5*x = -3379 - p. Suppose 9*f - x = f. Is f a prime number?
False
Let r = -51 + 55. Suppose -5*y - 10141 = -4*x, x - 4*y = r*x - 7629. Is x composite?
False
Suppose -9*o + 3*m + 364057 = 2*o, -3*m = 12. Is o a prime number?
False
Suppose -d - 3*y + 69719 = 0, -49*y = -4*d - 53*y + 278844. Is d prime?
False
Let d(f) = 54*f - 82. Let s be d(16). Let j = s - 196. Is j a prime number?
False
Let f(j) = -29*j - 13 + 7*j**2 + 43 - 62*j - 5*j. Is f(21) a prime number?
False
Suppose 25 = -5*a + 60. Is (-298560)/(-105) + (-3)/a composite?
False
Suppose -4*x + q + 13 = 0, -3*x = -5*q + 10 - 24. Suppose -6*j + x*j + 1347 = 0. Is j composite?
False
Let i(t) = 563*t + 43. Let m(y) = 44*y - 212. Let s be m(5). Is i(s) composite?
False
Suppose -1863 = -4*z + 2233. Let h = -164 + z. Suppose 3*w + 113 - h = 2*c, 5*w - 5*c = 1245. Is w prime?
False
Let u(t) = -12*t**2 - t + 165673. Is u(0) composite?
False
Let w = -242060 + 451083. Is w a prime number?
False
Is (0 - -34)*619703/98 a prime number?
False
Let h be -5 - (12/18)/((-2)/(-9318)). Let i = 7578 + h. Is i composite?
True
Suppose -91 = 5*m - 106, -1082118 = -3*k + 3*m. Is k prime?
False
Suppose 12*n + 35*w - 34*w - 15430958 = 0, -n = -3*w - 1285907. Is n composite?
False
Suppose 2*n = 5*d + 370328, 318*d - 925787 = -5*n + 314*d. Is n a composite number?
True
Let z = 517 - 112. Suppose -z = -5*h - 75. Suppose -71*y + 6805 = -h*y. Is y a prime number?
True
Suppose -2*r = -4*b + 1552, -2*b = -4 - 4. Let z = r + 523. Let p = 832 + z. Is p prime?
True
Let y(s) be the first derivative of -33*s**4/4 + s**3/3 + 18*s**2 + 9*s - 107. Is y(-5) a composite number?
True
Suppose 3*l - 2537766 = -3*k, -401*k = -396*k + 25. Is l a composite number?
False
Is 131611 - (-4 - 10*18/(-45)) a prime number?
True
Suppose 84*z = 77*z. Suppose 4*x - 2*g - 202370 + 55602 = z, 2*x = 4*g + 73390. Is x composite?
False
Let p be 40/6 - -3*(-2)/9. Is 53723/186 + 1/p prime?
False
Let w = -737012 - -1507753. Is w composite?
False
Let r(j) = -444*j - 5. Let l be r(2). Let s = -1659 - l. Let h = s + 1685. Is h prime?
True
Suppose -43272 = -4*p + 10*p + 5*b, 2*p + 14424 = 3*b. Let k = p - -16135. Is k composite?
False
Let w(g) = -6*g**2 + 22*g - 91. Let c(b) = -6*b**2 + 22*b - 90. Let s(k) = -4*c(k) + 3*w(k). Is s(8) composite?
True
Let b = -420 - -3097. Let u = 684 - -884. Let z = b - u. Is z prime?
True
Let t be 1115/(-4)*2320/(-290). Suppose -5 = z + 5*m, 0 = 4*z - m - 3*m - 28. Suppose z*l - 6435 = t. Is l a prime number?
True
Suppose -235*a - 12 = -238*a, 0 = -z + 3*a + 40601. Is z composite?
True
Let r(v) = 4*v**2 - 88*v - 5. Let h(x) = 2*x**2 - 44*x - 3. Let d(k) = 5*h(k) - 2*r(k). Let p be d(22). Is (-2)/p - (-367890)/150 a composite number?
True
Let v(x) = -x**3 - 28*x**2 - 51*x + 18. Let q be v(-26). Is 5/(-40) - q/((-320)/(-92685)) a prime number?
False
Let i be (-80)/(-120)*(-6)/(-2). Suppose -q + i*b + 1195 = 0, 5*b + 1125 + 61 = q. Is q a prime number?
True
Let g = 9 + 11. Suppose 0 = -9*r + 65 - g. Suppose -4*x + 5958 = r*x. Is x a composite number?
True
Suppose -54*p = -55*p - 27615. Let s = p - -55908. Is s composite?
True
Let d(t) = -6096*t - 143. Suppose -5*h + 13*r - 34 = 15*r, -5*h - 40 = 5*r. Is d(h) prime?
True
Suppose -2*p + 2832 + 3530 = -4*s, 2*s - 9511 = -3*p. Is (-4 - (-8 - 4)) + p composite?
False
Let h(w) = 57*w**3 + 5*w**2 - 2*w - 1. Let p = -25 + 28. Let r be h(p). Let t = -904 + r. Is t a composite number?
False
Is 376846 + (-12*4/8)/(-2) a prime number?
False
Let s be 5 - 2/4*(-158 - -2). Suppose s = -24*i + 25*i. Is i composite?
False
Let v = -385 + 377. Is 28/v*15956/(-14) prime?
True
Is ((-26169622)/412)/((-1)/2) prime?
True
Suppose o = 3*q + 5 - 0, 0 = -5*q + o - 7. Let j(k) be the first derivative of 4280*k**3/3 - 3*k**2 - 5*k + 2639. Is j(q) prime?
False
Is 2 - (-190083802)/58 - 13/(-3016)*16 a prime number?
False
Let a(z) = -95698*z + 3231. Is a(-5) a prime number?
True
Suppose -20 = -5*o + o + 4*h, 5*o - 5 = h. Let p(t) = -17*t + 1949. Is p(o) prime?
True
Let x(d) = -17*d**3 + 62*d**2 - 37*d - 19. Is x(-31) a prime number?
False
Suppose -28*l + 6 = -25*l. Suppose -9*c + 14*c - 3037 = -3*t, -2016 = -l*t + c. Is t prime?
True
Let p = -40 + 33. Suppose -c = -15 + 9. Is (-4)/14 - (60450/p)/c prime?
True
Let w(n) = n**2 - n. Let d be w(-2). Let o be (4/(-10))/(d/(-60) - 0). Suppose o*b - 4088 - 3514 = 2*z, 0 = b - 3*z - 1888. Is b a composite number?
True
Suppose 4*f - 64 = q + q, 4*f = 5*q + 76. Suppose 17*z - 4605 = f*z. Is z composite?
True
Let u = -2763267 - -4502318. Is u a prime number?
False
Let q = 197731 - 123519. Suppose 3*x - q - 9616 = -5*i, 0 = 4*x + i - 111765. Is x a composite number?
False
Let w(p) = 402*p**2 - 603*p - 37. Is w(-44) a prime number?
True
Suppose -6 = 3*a, 6*t + 24078 = 10*t + a. Let w = t + -3597. Is w a composite number?
False
Suppose 10 = 5*z - 40. Let d be 2372/z + (-3)/15. Suppose s - d = -2*s. Is s prime?
True
Let s(x) be the third derivative of 33/8*x**4 + 0 + 0*x - 1/3*x**3 + 9*x**2. Is s(1) prime?
True
Let w be (120/(-35))/(15/(-70)). Is w/(-12)*(-3)/(-1) - -13998 prime?
False
Suppose -12*j + 13*j = -2*c + 1792, 4*c - 3588 = -3*j. Suppose 0 = -4*b - 2*s + 24738 - c, b = s + 5955. Is b a composite number?
True
Let w = -279252 - -600145. Is w a prime number?
False
Suppose -4184850 = -35*g + 843565. Is g prime?
True
Let o be ((-1)/2)/((-140)/24 - -6). Is 1*(-3 + (1215 - o - 2)) prime?
True
Let t = -53 - -55. Is (-766)/t*7*(-9)/9 prime?
False
Suppose 121 = 3*r + 40. Suppose -4*g = -h + 21, -4*g = -0*g + h + r. Is -59*(-3)/g*(-6)/3 prime?
True
Suppose -113*q + 17*q = -15115872. Is q a prime number?
True
Let c(y) = y**3 + 26*y**2 + y + 27. Let t be c(-26). Let m be (5/(-6)*-3)/(t/2). Suppose 4*b - 9226 = -0*b + m*a, 3*b = -3*a + 6933. Is b composite?
False
Let t = 964 + -568. Is t/(-264)*(70156/6)/(-1) a composite number?
False
Let s(n) be the first derivative of n**4/4 + n**2/2 + 11467*n - 161. Is s(0) a prime number?
True
Let t = 939795 + -455330. Is t a prime number?
False
Suppose 5706 = 3*p - p. Let h = 4439 - p. Suppose -4*j + 3*j = 5*z - h, j - z - 1604 = 0. Is j a composite number?
False
Suppose 72*w - 246185278 = -196*w + 66*w. Is w a prime number?
True
Let c = 52 - 48. Suppose -7*l + 4*l + d + 10061 = 0, 0 = 2*d + c. Suppose 5*o = 3*v + 6020, -4*o + 3*v + 1466 = -l. Is o a prime number?
True
Let s = -300 + 867. Let w = -1552 + 1544. Let t = s + w. Is t a prime number?
False
Let s(i) = 21*i**2 - 9*i + 28. Let d be s(12). Suppose 5*j = -3*j + d. Suppose -a + 221 + j = 0. Is a a composite number?
True
Let b = -28 + 35. Suppose b*i - 600 - 681 = 0. Let y = i + -128. Is y a prime number?
False
Let j be 2/(-8) + 635454/(-72). Let b = 2525 - j. Is b a prime number?
True
Let i be ((-8130)/40)/(3/(-20)). Let s = 2100 - i. Let x = s - 372. Is x composite?
False
Let x(b) = -b + 253. Let k be x(0). Let c be -1613 + (1 + -8 - 1). Let w = k - c. Is w a composite number?
True
Let s = -1027 - 2051. Let u = -1714 - s. Suppose 9950 = 4*y + 5*w + u, -4*w - 6455 = -3*y. Is y a composite number?
True
Suppose -32*c + 720783 = 93935. Is c a prime number?
False
Suppose -739 = 3*c - 5*l + 2049, 3*c + 2776 = -l. Let f = 498 + c. Let t = -127 - f. Is t a prime number?
False
Let v = 7106 + -3968. Suppose -8*u - v + 7594 = 0. Is u comp